+ 7 + 12 = 0. Let u(h) = 3*h**2 - 2*h - 2. What are the prime factors of u(a)?
2, 7
Let m(d) = -d**2 + d - 3. Let q be m(0). Suppose 3*h + 16 = 4*a + h, -38 = -3*a - 5*h. What are the prime factors of (-12)/q*15/a?
2, 5
Let v(p) = 13*p - 3. Let h(y) = 27*y - 7. Let n(k) = 6*h(k) - 13*v(k). Let a(c) = -c**2 + 5*c + 4. Let g be a(6). What are the prime factors of n(g)?
11
Suppose 2766 = 13*r - 1407. List the prime factors of r.
3, 107
Suppose -6 = 4*j + 10. Let z be -3 - (0 - (2 + j)). Let w = 5 - z. List the prime factors of w.
2, 5
What are the prime factors of (51 - (1 + 2)) + 1?
7
Let r = 56 + -24. List the prime factors of r.
2
Suppose -3*q - 15 = 0, 2*c - 2*q = -3*q + 315. What are the prime factors of c?
2, 5
Let m = -6 - -9. Suppose -3*r = -2*g - 5, -m*g = -0*g + r - 20. Suppose 0 = 2*q + 2*d - 12, -g*q - 3 = -d - 27. List the prime factors of q.
5
Suppose -263 = -5*c + 107. Suppose 5*m + 3*q = c, -q - 8 = m - 22. What are the prime factors of m?
2
Suppose -6 = -5*n - 21, -2*n = -t - 3. Let i = t + 27. Let z = i - 8. List the prime factors of z.
2, 5
Suppose -4*m = -5*y + 33, 4*y + 6*m - m - 51 = 0. Let q = 6 + y. What are the prime factors of q?
3, 5
What are the prime factors of ((-16)/24 + 190/6)/1?
31
Suppose -3*i = -2*i. Let m = 4 + i. Suppose 2*t - d = 2 + 3, m*t = -3*d + 15. What are the prime factors of t?
3
Let f be 1/(2 + 18/(-10)). Suppose 2*q - 12 = -3*m, -m + f = -3*m + 3*q. Suppose -m*d + 5*d - 29 = -2*t, -2*t = 2*d - 26. List the prime factors of t.
2, 5
Let h(y) = -y**2 + y - 1. Let z(f) = -f**3 - 5*f**2 - 2*f - 3. Let g(c) = -2*h(c) - z(c). List the prime factors of g(-7).
5
Suppose 5*l = -4*n + 244, 5*n = -5*l + 115 + 125. What are the prime factors of l?
2, 13
Suppose 4*u = -6 + 42. Let x = u + -2. List the prime factors of x.
7
Let a(t) = 2*t**2 + 2*t - 2. Let b be a(-2). Let u = -5 + b. List the prime factors of (-2)/(-3) - 28/u.
2, 5
Let v(l) = -l - 6. Let x be v(0). Let j(z) = -z**2 - 7*z + 2. What are the prime factors of j(x)?
2
Let j be 0 + -4 - 1/1. Suppose -38 = -2*u + 2*q - q, -2*q - 8 = 0. Let h = j + u. What are the prime factors of h?
2, 3
Let y(p) = -6*p + 20. List the prime factors of y(-8).
2, 17
Let z(h) = 0 + 0*h**2 - 2 + h**2 - 1. Suppose 2*m = -3*d + 18, 4*m - 4*d + 0 = -4. List the prime factors of z(m).
2, 3
Let u(j) = 3*j**3 - 2*j**2 - 1. Let r(l) be the second derivative of l**3/3 - 4*l. Let n be r(1). List the prime factors of u(n).
3, 5
Suppose 4*z - 3*z - 4 = 0. Let j = z - 1. Suppose -f + 32 = j*u + 12, 4*f - 59 = -5*u. What are the prime factors of f?
11
Let w(g) be the second derivative of 2*g**3/3 + 2*g**2 + g. Let p be w(6). Let v = p + -15. What are the prime factors of v?
13
Let x = -14 - -54. What are the prime factors of (15/10)/(6/x)?
2, 5
Let x(s) = -2*s**2 + 5*s + 1. Let j be x(4). Let l = 50 + -34. Let y = l + j. List the prime factors of y.
5
Let u = 110 - 72. What are the prime factors of u?
2, 19
Let r(n) = -n**3 - 2*n**2 + 4*n + 3. Let i be r(-3). Suppose 2*d + 4 = -i. What are the prime factors of 10/((1 + d)*-1)?
2, 5
Suppose 0 = 4*v - 3*x - 425, -2*x + 12 = -6*x. What are the prime factors of v?
2, 13
Let t(n) = -5 - 2 + 5 - n**3 - 5*n**2 + 5 - n. What are the prime factors of t(-5)?
2
Let u be (5 - 2 - 1) + -2. Suppose w + w - 6 = u. Suppose t - 8 = -w*t. What are the prime factors of t?
2
Let d = 55 + -8. What are the prime factors of d?
47
Let g be (1/1 - 2) + 0. Let q = 26 - g. What are the prime factors of q?
3
Let z(l) = 2*l - 5. Let y(m) = -m**3 + 3*m**2 - 4. Let d be y(3). Let i be 10*(-2)/(d - 0). List the prime factors of z(i).
5
Suppose -3*w + 3 - 9 = -3*v, w - 28 = -5*v. Suppose w*d = d + 26. List the prime factors of d.
13
Let l(f) = 5*f + 1. Let x be l(-1). Let m(w) be the first derivative of -2*w**2 - 4*w - 2. What are the prime factors of m(x)?
2, 3
Let k be (6/1)/(15/(-10)). What are the prime factors of (-50)/k*(2 + 0)?
5
Suppose 74 = -m + 218. What are the prime factors of m?
2, 3
Let i(h) = h**2 + 5*h + 3. Let f be i(-5). Suppose -4*b - 3*a + 4*a = -13, 0 = f*a + 3. Suppose b*w = 27 - 0. What are the prime factors of w?
3
Let k be (-16)/((-2 + 1)*1). Let o = k - 10. List the prime factors of o.
2, 3
Let l be (5 + 0)/(0 + 1). Suppose -50 = -5*z - l*h, 2*z + h = 3*h + 32. List the prime factors of z.
13
Suppose 19 - 99 = -5*z. What are the prime factors of z?
2
Suppose -245 - 41 = -13*c. List the prime factors of c.
2, 11
Let l be 3 + (-11 - -4) + -1. Let s(k) = k**2 - 2*k - 1. What are the prime factors of s(l)?
2, 17
Suppose 5*j = -x - 0*x + 12, 2*j = -4*x + 120. List the prime factors of (1/2)/(4/x).
2
Let n(s) = -s**3 + 7*s**2 + 6 - 3*s - 1 - 3*s. Let k be n(6). Suppose c = 5*d - 16, -5*d = -d - k*c + 4. What are the prime factors of d?
2
Suppose 4*s + 8 = 0, s - 3*s + 84 = 4*a. List the prime factors of a.
2, 11
Suppose o + 18 - 63 = 0. What are the prime factors of o?
3, 5
Suppose -x + 7 = -2*m, -2*m = 2*m - 3*x + 17. Suppose 3*n - 41 = -b - 15, 0 = -n - 4*b + 16. Let f = m + n. List the prime factors of f.
2, 3
Suppose 2*s - 3*r = -0*r + 18, r + 14 = 2*s. Suppose 57 + s = 3*z. List the prime factors of z.
3, 7
Let u(h) = 4*h**3 - h**2 + 8*h - 7. List the prime factors of u(3).
2, 29
Suppose 6 = 2*p, -4*p = 3*u - 8*p. Suppose 2*j - u = 2. What are the prime factors of j?
3
Suppose -5*m = 0, 4*v = -4*m + 5*m + 168. What are the prime factors of v/3 - (-6)/2?
17
Let p be -2 + (0 - 1)*-43. Let f = p + -7. List the prime factors of f.
2, 17
Let g(o) = o**2 + 8*o - 14. Let i be g(-11). Suppose -109 = -5*h - i. What are the prime factors of h?
2, 3
Let k(m) be the second derivative of m**4/12 - 2*m**3/3 + 3*m**2/2 + m. What are the prime factors of k(4)?
3
Let u(o) = -20*o + 1. Let g(l) = -59*l + 3. Let z(x) = -3*g(x) + 8*u(x). List the prime factors of z(2).
3, 11
Suppose -6 = -4*i + 6. Suppose v - 11 = 5*l, -i*v - 5*l + 52 = -l. What are the prime factors of v?
2
Suppose -5*d + 6*d = 0. Suppose -2*a + 4*f - 12 = d, 0 = 5*a - 2*f - 2. List the prime factors of a.
2
Let s = 10 + -8. What are the prime factors of s?
2
Let t(i) be the third derivative of 5*i**2 + 0 + 1/120*i**6 - 1/12*i**4 + 0*i + 1/30*i**5 - 1/3*i**3. List the prime factors of t(-2).
2
Suppose 5*l = -2 - 43. Let y = 1 - 2. What are the prime factors of (3 + y - l) + -1?
2, 5
Suppose 4*s - 104 = -3*g + 11, 144 = 4*g + 3*s. What are the prime factors of ((-275)/g)/((-2)/6)?
5
Suppose 0 = -3*k - 0*k + 21. Let f = 19 - k. List the prime factors of f.
2, 3
Let y be -5*2/2 + 0. Let d = 10 + y. Suppose -u + 3*l = 8*l - 5, 5*l - 45 = -d*u. List the prime factors of u.
2, 5
Let a be 9/(-5) + (-1)/5. Let u(d) = -2*d + 1. Let q be u(a). Suppose 6 - 31 = -q*f. List the prime factors of f.
5
Let d be 1 - -1 - (3 + -14). Suppose 0 = a - 3 - d. What are the prime factors of a?
2
Let h(s) = -s - 6. Let c be h(-6). Suppose 3*t = g + 5, -4*g - t + c*t = -32. List the prime factors of g.
7
Let u = -8 + 11. Let f be (2/(-4))/(1/(-8)). Suppose f*m = u*m + 4. List the prime factors of m.
2
Let s be 5 - 0 - 0/7. Suppose 0 = -2*r - s*h + 44, -3*r - 5*h = -93 + 17. Suppose -4*y + 3*t + 42 = 0, -t + r = 4*y + t. List the prime factors of y.
3
Suppose 4*x + p - 160 = -p, 3*x + 5*p - 120 = 0. List the prime factors of x.
2, 5
Suppose 350 = 3*b - 16. What are the prime factors of b?
2, 61
Let n = -106 - -162. List the prime factors of n.
2, 7
Let q(m) = -m**3 + 2*m**2 + 14*m - 4. List the prime factors of q(4).
2, 5
Let x be -2 + -6*1*-1. Suppose 2*y = 5*u - 6, u + 0*y = 3*y + 9. Let p = x + u. What are the prime factors of p?
2
Let s be 25/35 + 2/7. Let d = s - -9. What are the prime factors of d?
2, 5
Let k = -32 + 145. List the prime factors of k.
113
Suppose -5*c + 7 = n, 1 - 3 = -2*c. Suppose -5*d + 3*q + 215 = 0, -n*d + 5*q = -35 - 70. List the prime factors of d.
2, 5
Let v be (-4)/6*(-3)/(-2). Let l be v/(-3) + (-22)/(-6). What are the prime factors of l*((2 - 3) + 2)?
2
What are the prime factors of -5*((-38)/6 - 4/(-3))?
5
Let k = 86 - -27. List the prime factors of k.
113
Suppose -5 - 9 = -s. What are the prime factors of 2/7 - (-318)/s?
23
Let i = 65 + -28. List the prime factors of i.
37
Suppose 7 = 2*u - 19. Let w(r) = 4*r + 7. Let k be w(-3). Let o = k + u. List the prime factors of o.
2
What are t